ghest common factor of o and q.
3
Let o(g) = 17*g + 6 + 2 + 4*g - g**2. Let u be o(20). Let d = 18 - 11. Calculate the greatest common factor of u and d.
7
Let q(h) = 3*h**2 - 3*h**2 - 2*h - h + 4 + 29*h**2. Let m be q(1). Calculate the highest common divisor of 10 and m.
10
Suppose n = x + 222, -2*x + 121 = 3*n - 535. Calculate the highest common factor of n and 264.
44
Let j(y) = -y**3 - 6*y**2 - 26*y - 15. Let m be j(-7). Suppose -m = 4*t - 8*t. Calculate the highest common factor of t and 6.
6
Let m(n) = n**3 + 13*n**2 + n + 16. Let x be m(-13). Suppose -2*d - a + 380 = x*d, -5*a + 400 = 5*d. Calculate the highest common factor of d and 30.
15
Let g = 422 + -399. What is the highest common factor of 736 and g?
23
Suppose 5*t + 5*x - 648 = x, 3 = -x. Calculate the highest common divisor of t and 8.
4
Let g be -6*-22*(-7 + 9)/8. Calculate the greatest common divisor of g and 55.
11
Suppose 4*f + 5*s - 101 = 0, 4*f - 4*s = -7*s + 91. Suppose 0 = -5*t + 2*t + 57. Calculate the greatest common factor of f and t.
19
Suppose 7*n - 2*n = 50. Let c(z) = -6*z - 269. Let b be c(-49). Calculate the highest common divisor of n and b.
5
Let f = -74 + 269. Suppose -3*n + 227 = -x, -4*n + f = 3*x - 99. Calculate the highest common factor of n and 30.
15
Let b = 517 - 242. What is the greatest common factor of 110 and b?
55
Let n = -523 - -663. What is the greatest common factor of 350 and n?
70
Let r be 1 + ((-4)/2 - (1 + -162)). Let n = r + -134. Calculate the highest common divisor of 26 and n.
26
Let n(p) = 11*p**2 - p. Let q be n(1). Suppose -2*m + w + q = 2*w, -w = -4*m + 26. Let l be 0/2 + 336/m. Calculate the highest common divisor of 7 and l.
7
Let z(d) = d**3 - 10*d**2 - 6*d - 9. Let g be z(11). Calculate the highest common divisor of g and 874.
46
Let y be (-3*4/9)/((-2)/33). Let m = y - 18. What is the greatest common divisor of m and 18?
2
Let a be 8*-7*4/(-14). Calculate the highest common factor of 144 and a.
16
Let o = 59 - 57. Suppose o*h = 17 + 159. Calculate the highest common factor of 11 and h.
11
Let p be ((-8)/6)/(-2)*3. Suppose p*v - 6*v + 44 = 0. What is the greatest common divisor of v and 33?
11
Let d be (-2034)/(-14) + 6/105*-5. Let o be 88/40*1*d. Calculate the highest common factor of o and 29.
29
Suppose -12*a = -9*a - 9. Suppose 122 = g + 5*j, -a*g + 3*j = -g - 309. What is the highest common divisor of g and 21?
21
Let y = -50 + 29. Let h be 156/(-4) + 2 - (1 - 3). Let t = y - h. What is the greatest common factor of 98 and t?
14
Suppose 10*y + 1472 = 1912. What is the greatest common factor of 308 and y?
44
Suppose 5*z - 2*n - 94 = 0, -z = 14*n - 9*n - 8. Calculate the highest common factor of 117 and z.
9
Let r be ((-490)/(-8))/(-1) + (-5)/(-20). Let g = -21 - r. Let i = 13 - -3. Calculate the highest common factor of i and g.
8
Let j(d) = -d**2 + 11*d - 5. Let i be j(10). Let a = 10 - i. Let q = 134 - 129. Calculate the greatest common factor of q and a.
5
Suppose -33 + 249 = 12*s. What is the greatest common factor of s and 66?
6
Suppose -t = -6*t + 20. Suppose -4*x = -3*n - 85, -t*n - 4 = -24. Let q = 173 - 123. What is the highest common factor of x and q?
25
Suppose -5*p + 65 = -5*a, 5*p - 58 = -5*a + 3*a. Suppose -4*z - 2*g = -5*z + 54, 3*z - 187 = g. Let u = z + -60. What is the highest common divisor of p and u?
4
Suppose -3*u - k = -147, 0 = -5*u - 77*k + 74*k + 249. What is the highest common divisor of u and 6?
6
Suppose -1 - 2 = -3*a - v, -15 = -2*a - 5*v. Suppose a*r + r - 20 = j, r = -4*j. Calculate the highest common factor of r and 8.
8
Let j be (-3)/12 - (-171)/12. Let b(h) = -h**2 + 25*h. Let k be b(11). What is the highest common factor of j and k?
14
Let f(k) = -8*k**2 + 58*k - 3. Let y be f(3). Let m(g) = -g**2 - 8*g - 1. Let l be m(-6). What is the greatest common divisor of y and l?
11
Let o(v) = -12*v**2 - 1. Let g be o(-1). Let x = g - -59. Let b = x - 19. Calculate the greatest common factor of 3 and b.
3
Suppose 2*u - o - 99 = -2*o, -o = 4*u - 197. Let r be 3/(-6)*2 + u. Suppose -i - 12 = -r. Calculate the greatest common divisor of i and 9.
9
Let j = -23 + 77. Let a = -46 + j. Let t = 0 + 2. Calculate the greatest common factor of a and t.
2
Let y = -378 + 455. Suppose 3*l - 4*l + 11 = 0. Calculate the greatest common factor of y and l.
11
Suppose 0 = r + 5 - 42. What is the greatest common factor of 407 and r?
37
Suppose 4*q - 3*p - 417 = 0, 23*q + 4*p = 18*q + 560. What is the greatest common divisor of q and 4?
4
Let h(b) = -b**3 - 4*b**2 - 2*b - 1. Let f be h(-5). Suppose -957 = -12*c - 753. Calculate the greatest common factor of f and c.
17
Let z(b) = 26*b + 29. Let o be z(4). Suppose 8 = 5*k - 87. What is the greatest common divisor of o and k?
19
Let g = 145 + -44. What is the greatest common factor of 101 and g?
101
Let g(s) = -s**3 + 3*s + 2. Let f be g(-2). Suppose 3*v - 5*p - 67 = 0, v - f*v + 4*p = -62. What is the greatest common factor of 28 and v?
14
Let t be (120/(-48))/((-2)/4). Calculate the highest common divisor of 65 and t.
5
Let v(m) = m - 23. Let k be v(23). Suppose i + p + 0 = 55, k = -4*i - 5*p + 223. Calculate the highest common divisor of 13 and i.
13
Let t be (-304)/(-10) + 30/(-75). Suppose t = 4*u + u - 5*f, -4*f = 5*u + 6. Let q be (-33)/(3*u/(-6)). What is the greatest common factor of q and 11?
11
Suppose -3*j = -3*t + 3, -2*t = t + 3*j - 21. Let h be -3 - (1 - 18 - t). Calculate the greatest common factor of h and 9.
9
Let d = 276 + -102. Let r = d - 123. What is the greatest common factor of 34 and r?
17
Let y(x) be the third derivative of x**5/60 + x**4/6 + 7*x**3/3 + 16*x**2. Let i be y(-6). Calculate the greatest common factor of i and 39.
13
Let t(q) = -3*q**3 + 48*q**2 + 9*q + 36. Let v be t(16). What is the greatest common divisor of v and 60?
60
Let f be (63/3)/(-1 + 2). What is the highest common divisor of 609 and f?
21
Suppose -10*h - 71 = 179. Let l be (h/10)/((-15)/6). Let n = -11 + 18. Calculate the greatest common divisor of n and l.
1
Let z(d) = d**2 + 5. Let o be z(2). Let c be (-6 - (-4 - -1))/((-2)/48). What is the greatest common divisor of o and c?
9
Suppose 0 = -4*m - 5*i + 1307, -m - 5*i - 66 = -404. What is the highest common divisor of 19 and m?
19
Let z = 46 + -26. Let g be 8/z - 26/(-10). Suppose -4*v + 15 = g. Calculate the highest common factor of 12 and v.
3
Let c be (-4)/(-2) + (-12 - 72/(-4)). Calculate the greatest common divisor of c and 200.
8
Let m(o) = 2*o**2 - 8*o - 4. Let t = -14 + 20. Let x be m(t). What is the highest common divisor of 20 and x?
20
Suppose -5*a = -17 - 103. Let s = 5 + -8. Let t be (-3 + 3 - s) + 3. What is the highest common divisor of a and t?
6
Let s(u) = -u**2 + 14*u - 4. Suppose 2*i + i = -a, -5*i + 4*a = -17. Let y = i - -12. Let l be s(y). What is the greatest common factor of l and 3?
3
Let t(g) = -16*g + 1. Let c be t(1). Let l = 20 + c. What is the highest common divisor of 5 and l?
5
Suppose -8 = -14*q + 10*q. Calculate the greatest common factor of q and 3.
1
Let i(j) = -8 + 59*j - 3*j**3 + 2*j**3 + 2*j**2 - 54*j - 11*j**2. Let d be i(-10). Suppose -7*c + 18 = -4*c. Calculate the highest common factor of c and d.
6
Let g(t) = t + 7. Let j be g(16). Let u(v) = -3*v - 8. Let m be u(-10). Let c = j + m. Calculate the highest common factor of 5 and c.
5
Suppose -4*v + 1651 - 605 = 2*x, -1056 = -4*v - 4*x. What is the highest common divisor of 111 and v?
37
Suppose 0 = u - 3*u - 8, -a = -u - 40. Calculate the greatest common factor of a and 153.
9
Let l be (2 - 4)*(-325)/10. What is the highest common divisor of 1235 and l?
65
Let g(k) = 7*k**2 - 4*k + 4. Suppose -5*r = -5*o - 40, 28 = r - 0*o - 5*o. Let b be g(r). Calculate the greatest common divisor of 275 and b.
55
Suppose -5*x + 5*a - 5 = 3*a, 5*x - a = 0. Let r be 26/6*(1 - -2)/x. What is the highest common factor of r and 13?
13
Let g(c) = c + 3. Let d be g(5). Let h be ((-120)/(-140))/(1/28). What is the greatest common divisor of d and h?
8
Suppose 2*a + 8 = -5*c, 3*c - 4*a = 4*c + 16. Suppose c = z + 2*z - 15. What is the highest common divisor of z and 25?
5
Let m = 77 + -87. Let d be (-6 + 5)*m*1/2. Let h(f) = -f**3 + 5*f**2 - 4*f + 5. Let s be h(4). What is the greatest common divisor of d and s?
5
Let g be (-165)/10*2/(-3). Sup